?
-112
In base 7, what is -2224636 - -5?
-2224631
In base 10, what is -2 + 6332?
6330
In base 13, what is -480 + 8?
-475
In base 3, what is 20201112 + 10120?
20212002
In base 16, what is 5 + 499d?
49a2
In base 6, what is -1452 - -40?
-1412
In base 7, what is 11 - 61450?
-61436
In base 5, what is -301210233 - 3?
-301210241
In base 3, what is 12 + 102112012012?
102112012101
In base 8, what is -2213 - 554?
-2767
In base 16, what is -16e - -1d?
-151
In base 8, what is -255 - -72?
-163
In base 6, what is -25212 + 332?
-24440
In base 10, what is 4 + -28087?
-28083
In base 2, what is 110001 + -10001110001010?
-10001101011001
In base 10, what is -53 + -1629?
-1682
In base 13, what is -1b - -5c8?
5aa
In base 5, what is -2421044 - 1?
-2421100
In base 12, what is -242 - 1351?
-1593
In base 12, what is -169 + -220?
-389
In base 5, what is 1401 - -2104?
4010
In base 6, what is 155354 + 5?
155403
In base 11, what is 185199 + -6?
185193
In base 15, what is 7d5 + 1?
7d6
In base 8, what is -152343 - -3?
-152340
In base 7, what is 4 + -14163?
-14156
In base 14, what is 6 + -5d4?
-5cc
In base 2, what is 110110001001 + 100?
110110001101
In base 2, what is 100101 - 11100000100?
-11011011111
In base 10, what is 5621 - -63?
5684
In base 6, what is -1012 + 223?
-345
In base 3, what is 22102 + -10210012?
-10110210
In base 9, what is -14 + -1876?
-2001
In base 15, what is -50e22 - -5?
-50e1c
In base 3, what is 2011201 + 1121?
2020022
In base 8, what is 51 + 224207?
224260
In base 9, what is -4 - 2768?
-2773
In base 14, what is -21 - 11d1?
-1212
In base 5, what is -203444 + -10?
-204004
In base 15, what is -1 + -30be?
-30c0
In base 4, what is -20 - 121323?
-122003
In base 16, what is -12 + -ae4?
-af6
In base 16, what is -40b8a + 1?
-40b89
In base 10, what is -8 - -68534?
68526
In base 3, what is -201 - 11122101?
-11200002
In base 4, what is -23113 - 103?
-23222
In base 14, what is 0 - 1b201?
-1b201
In base 9, what is -5045510 - -4?
-5045505
In base 4, what is 0 + -320021?
-320021
In base 14, what is c0831 + -1?
c0830
In base 5, what is 122200 - -231?
122431
In base 15, what is -2c6 + -36?
-30c
In base 12, what is -8 + 27854b?
278543
In base 3, what is -22021202 - -1000001?
-21021201
In base 13, what is 17b9 + -166?
1653
In base 2, what is -100000101010101001101 + -100?
-100000101010101010001
In base 11, what is -100 + -311?
-411
In base 10, what is 273710 - 2?
273708
In base 3, what is 2 + -220121210000?
-220121202221
In base 15, what is -32 - 4c6?
-508
In base 16, what is 0 + 1d338?
1d338
In base 10, what is -26643 + 4?
-26639
In base 13, what is -2 - -10a9?
10a7
In base 15, what is 0 - -5c05?
5c05
In base 9, what is 1834 - -8?
1843
In base 3, what is -2 - -10110202?
10110200
In base 8, what is 25 + -3153?
-3126
In base 10, what is -2392 + -92?
-2484
In base 16, what is 19e + c9?
267
In base 6, what is 33545221 - -1?
33545222
In base 6, what is 0 + 433153?
433153
In base 12, what is ab97 + 9?
aba4
In base 12, what is -aa26 - -3?
-aa23
In base 15, what is -1 + 95d?
95c
In base 11, what is -27 - 26a1?
-2718
In base 16, what is -7fc - 4?
-800
In base 3, what is 1 + 121201212?
121201220
In base 16, what is 1ec1 + -2?
1ebf
In base 4, what is -3 - 3111230120?
-3111230123
In base 16, what is 5 - -8acb5?
8acba
In base 7, what is 24340 + 4?
24344
In base 10, what is -19902 - 2?
-19904
In base 16, what is 3aa0 - 66?
3a3a
In base 6, what is 143115 - 114?
143001
In base 16, what is -126 + -ba?
-1e0
In base 4, what is -12 - -12131133?
12131121
In base 5, what is 2 - -1112000?
1112002
In base 10, what is 14608 + -17?
14591
In base 15, what is -2504 + -1a?
-251e
In base 3, what is -122102 - 11021?
-210200
In base 12, what is -3 - -7b0915?
7b0912
In base 13, what is 3 + -9528b?
-95288
In base 10, what is -223244 - -4?
-223240
In base 7, what is 16234 - -14?
16251
In base 12, what is -731992 + -4?
-731996
In base 2, what is -100111101 + -10101011?
-111101000
In base 6, what is -22 + -200000?
-200022
In base 5, what is 1311310 - -3?
1311313
In base 11, what is 1094904 - -4?
1094908
In base 11, what is -18138 - 0?
-18138
In base 3, what is -10 + -101110100001?
-101110100011
In base 13, what is 47285 + -2?
47283
In base 10, what is 170239 - 1?
170238
In base 13, what is -7395 - -4?
-7391
In base 4, what is -12000 - 1201122?
-1213122
In base 10, what is 2 - 300340?
-300338
In base 6, what is -2042503 - -1?
-2042502
In base 7, what is 12 + -50146?
-50134
In base 5, what is 0 + 2423?
2423
In base 15, what is -2 + 58eb?
58e9
In base 2, what is -11 + -10001011110000000?
-10001011110000011
In base 6, what is 25001 - -3?
25004
In base 11, what is -49668 + -41?
-496a9
In base 14, what is 3 + 124db?
12500
In base 3, what is 1011102000 - 2220?
1011022010
In base 9, what is 31 + 663?
704
In base 7, what is 3 + 353141?
353144
In base 16, what is 12 - -2b3de?
2b3f0
In base 12, what is 0 - -3b00?
3b00
In base 8, what is 2201 + -66?
2113
In base 8, what is -647 - 304?
-1153
In base 9, what is -714762 - -7?
-714754
In base 10, what is 127 + 161?
288
In base 16, what is 6f0ef - 1?
6f0ee
In base 3, what is 10112 - 21200?
-11011
In base 8, what is -2264 + 1671?
-373
In base 2, what is 10001 + 101101010111110?
101101011001111
In base 16, what is -5b6 + 3d?
-579
In base 13, what is b + 2335?
2343
In base 13, what is 73978 - 1?
73977
In base 2, what is 11001 + -100111110011010100?
-100111110010111011
In base 12, what is -3 + 6518?
6515
In base 12, what is -55a9 + 151?
-5458
In base 16, what is 2b0a + 2?
2b0c
In base 5, what is 1001 - -20203?
21204
In base 5, what is 422322 + 0?
422322
In base 7, what is 2 - -23201?
23203
In base 13, what is 2 + -4b09a?
-4b098
In base 13, what is 1c0b + 6?
1c14
In base 15, what is 5384 + 13?
5397
In base 9, what is 7612 - 11?
7601
In base 16, what is -b2 + -3c05?
-3cb7
In base 5, what is -102334131 + 10?
-102334121
In base 7, what is -11565644 + -2?
-11565646
In base 9, what is -5 + 203708?
203703
In base 15, what is 651a + -2?
6518
In base 10, what is -120 - -216?
96
In base 6, what is 223 + -315512?
-315245
In base 11, what is -3 + 13a13?
13a10
In base 10, what is -2 - -1626613?
1626611
In base 9, what is 587 + -352?
235
In base 10, what is -5156 - -32?
-5124
In base 7, what is -5 + -24453?
-24461
In base 6, what is 330401 + -3?
330354
In base 8, what is 7 + -265365?
-265356
In base 2, what is 100100110000110100 + -11?
100100110000110001
In base 11, what is -2 - 2809a5?
-2809a7
In base 9, what is -40 + -14763?
-14813
In base 5, what is -10210040 + 13?
-10210022
In base 14, what is 1bb - 180?
3b
In base 10, what is -2487 + -327?
-2814
In base 10, what is 300 - 267?
33
In base 7, what is -542006 + -5?
-542014
In base 6, what is 1321 + 1355?
3120
In base 11, what is 2 + 2990?
2992
In base 2, what is 110100011 + -101000101?
1011110
In base 16, what is 4 + -48f6?
-48f2
In base 12, what is -65 - 46a?
-513
In base 14, what is -9 - 684?
-68d
In base 15, what is 23b6 - -c?
23c3
In base 12, what is -1811110 + 1?
-181110b
In base 8, what is -2746526 - -1?
-2746525
In base 4, what is -3 + 10132223?
10132220
In base 2, what is 10001101 - 1001000?
1000101
In base 16, what is -8585a + -4?
-8585e
In base 3, what is 0 + -1221101021201?
-1221101021201
In base 13, what is -21 - -4c7a5?
4c784
In base 9, what is -4 + 77282?
77277
In base 4, what is 100101 - 31233?
2202
In base 8, what is -163 - -5555?
5372
In base 8, what is 112714 - 5?
112707
In base 11, what is -1122a - 0?
-1122a
In base 8, what is 3610 - -4225?
10035
In base 11, what is -318 + 23?
-2a5
In base 5, what is 1144 + -31013?
-24314
In base 4, what is -1213213 + -2?
-1213221
In base 3, what is -1110 - 220211?
-222021
In base 4, what is 11 + -100031303?
-100031232
In base 9, what is 303346 + -1?
303345
In base 13, what is 14 + 19b4?
19c8
In base 5, what is 10 - -20232111?
20232121
In base 8, what is 13032 - -1?
13033
In base 7, what is -3066441 + 2?
-3066436
In base 13, what is 9 + -1aa9?
-1aa0
In base 8, what is -3321 - 11?
-3332
In base 6, what is -315 - 210?
-525
In base 14, what is 385 + 4d7?
87c
In base 5, what is 1041432 + -10?
1041422
In base 3, what is -10021001122010 - 10?
-10021001122020
In base 7, what is 644340 - -4?
644344
In base 12, what is -a5499 - 5?
-a54a2
In base 12, what is 2 + -2978?
-2976
In base 16, what is